it of m?
5
Let k be 6*1/(-2) + 27. Suppose 6*w + 0*w - k = 0. What is the units digit of w?
4
Let c(t) = t + 9. Let d be c(-7). Suppose -3*y - 1 = -4. What is the units digit of y*76*d/4?
8
Let t be (-15)/20 + 9/12. Suppose t = -5*g + 3 + 22. Suppose 0 = g*m - 8 - 2. What is the units digit of m?
2
Let w(m) = -290*m + 7. Let y be (-126)/54 + (-8)/(-6). What is the tens digit of w(y)?
9
Let n = 19 - 16. Suppose -5*s = j - 0*s - 24, n*j + 5*s - 52 = 0. Suppose 3*v = d, -3*d + v = 6*v - j. What is the units digit of d?
3
Suppose h + 9*d = 12*d + 637, 5*h = -2*d + 3236. What is the hundreds digit of h?
6
Let q(j) = j + 2. Suppose -5*c = 2*x + 6, -2*c + 0*x - x = 3. Suppose -2*t - 3*o + o + 6 = c, 18 = 4*t + 2*o. What is the units digit of q(t)?
8
Suppose -2*u + 0*u + 1163 = 5*g, -u - 700 = -3*g. What is the units digit of g?
3
Let s(l) be the first derivative of 95*l**3/3 + l**2 - 2*l - 3. What is the tens digit of s(1)?
9
Let j(o) = o**2 - 3*o + 14. Let r be j(7). Suppose -r*f = -44*f + 240. What is the hundreds digit of f?
1
Suppose -5*o = 4*d - 80, -32 - 16 = -3*o - 5*d. Let t = o - 13. Suppose t - 11 = -4*p. What is the units digit of p?
2
Let r be 47/(-3) + 2/(-6). Let p be (r/6)/((-36)/(-270)). Let x = p - -27. What is the units digit of x?
7
Let d(t) = t**2 + 11*t + 38. What is the hundreds digit of d(-25)?
3
Suppose b = 71 + 1276. What is the thousands digit of b?
1
Suppose 6*w - 1228 = 8780. What is the thousands digit of w?
1
Suppose 0 = -5*o + 5, 4 = r + o + 1. Suppose 0 = -r*u + 5*u - 5*a - 103, 120 = 4*u + 2*a. Suppose u = 2*y - 3. What is the units digit of y?
7
Let p = 17 + -11. What is the units digit of p/(-9)*297*-1?
8
Let g(q) = -q**2 - 9*q + 7. Let p be g(-10). What is the tens digit of (3 + -3 - -80) + p?
7
Suppose 2 = 4*f - 5*v, f - 4*v + 8*v = 11. Let g(x) = 14*x**2 + 25*x + 1. What is the units digit of g(f)?
2
Suppose -367*c + 744 = -366*c. What is the tens digit of c?
4
What is the hundreds digit of 889 - 0/(4/(-1))?
8
Suppose -4*f - 10 - 2 = 0. Let n(a) = -a**3 - a**2 - 8*a - 3. What is the units digit of n(f)?
9
Suppose -247*j + 237*j + 13720 = 0. What is the thousands digit of j?
1
Let w be 343/35 - 1/(-5). What is the units digit of (-171)/(-2) + 15/w?
7
Suppose -14*p - 1899 = -17*p + 3*c, -2*p + 1262 = 2*c. What is the units digit of p?
2
Let h = -15 + 17. Suppose -5*d + 209 = -5*i + i, 188 = 4*d + h*i. What is the units digit of d?
5
Let g(s) = 2*s**3 + 52*s**2 - 40*s + 41. What is the hundreds digit of g(-24)?
3
Let h(j) = 16*j**2 - 15*j - 7. What is the units digit of h(-7)?
2
Let g(p) = -75*p - 92. What is the tens digit of g(-9)?
8
Let q = 49 + -22. Let w = -18 + q. What is the units digit of w?
9
Suppose 11*v = 12*v - 791. What is the hundreds digit of v?
7
Let l(j) = -j**3 + 12*j**2 + 16*j + 30. What is the thousands digit of l(-9)?
1
Let k(x) = 40*x**2 - 20*x - 48. What is the tens digit of k(-5)?
5
Let m = -16 + 17. Let t(p) = -m - p + 6*p + p. What is the tens digit of t(7)?
4
Let x(j) = -j**2 + 7*j + 13. Let z be x(9). Suppose g - 4 = 0, l - 2 = -0*l - g. What is the units digit of (l + 9)*(-25)/z?
5
Suppose -3*h = -0*h - 30. Let l(j) = j**2 - 19*j + 32. Let d be l(17). What is the units digit of 2/d*-1 + h?
1
Suppose 0 = 5*a - 9420 - 2340. What is the thousands digit of a?
2
Let u = 20 - 20. Let c = -10 - u. Let b(z) = -4*z - 1. What is the units digit of b(c)?
9
Let d be (15/(-30))/((-1)/228). Suppose j + 5*l - 57 = 0, 0*j - 2*j + 3*l + d = 0. What is the tens digit of j?
5
Suppose 3034 = 27*b - 28097. What is the thousands digit of b?
1
Suppose 9*x = 328 + 878. What is the units digit of x?
4
Suppose 5*n = -17*q + 15*q + 3202, 3*n + 3*q = 1923. What is the hundreds digit of n?
6
Let u(y) = y - 7. Let g be u(7). Let c be -7 + 4 - (g + -10). Suppose -5*x + c + 28 = 0. What is the units digit of x?
7
Let n = 2 - 17. Let k = 41 + n. What is the tens digit of k?
2
Let q(o) be the first derivative of o**3/3 - 4*o**2 - 24*o + 2. What is the units digit of q(11)?
9
Let l(h) = 3*h**3 - 2*h**2 - 8*h + 8. What is the units digit of l(7)?
3
Suppose j + 4*c = -72 + 295, 0 = -3*j + 3*c + 684. What is the units digit of j?
7
Suppose -3*z - 5*f = -25, 3*z + 6*f - 10 = 4*f. Let n(o) be the second derivative of -o**4/12 + o**3/6 + 7*o**2 - o. What is the units digit of n(z)?
4
Suppose b - 3 = 3*k, -5*k + 3 - 6 = -2*b. Let x(c) = -7*c + 3. Let h be x(b). Let u = 96 - h. What is the units digit of u?
1
Let b(t) = t**2 + 24*t + 41. Let u be b(-17). Let a = 164 + u. What is the units digit of a?
6
Suppose 5 + 2 = a. Let z = a - -10. Suppose -g + s = -6, z - 3 = -g - 3*s. What is the units digit of g?
1
Let w = 101 + -123. What is the hundreds digit of (-3 + (3 - -13))/((-2)/w)?
1
Let v be (0*((-2)/2 - -2))/2. Suppose 5*f = v, 5*f - 37 = 2*m - 303. What is the tens digit of m?
3
Suppose 3*z = -5*o - 511, 0 = 2*o + 3*z - 7*z + 194. Suppose -6*x + 5*x = 66. Let j = x - o. What is the units digit of j?
5
Suppose 5*p - 2*t = 15, 4*p = -3*t + 40 - 5. Let s be -3 + (p - -2 - -1). Suppose a - s - 12 = 4*o, 3*o = 4*a - 16. What is the units digit of a?
1
Let f(s) = 6*s**3 - 9*s**2 - 3*s + 13. What is the tens digit of f(4)?
4
Let x(n) = n. Let k(j) = -2*j - 4. Let o(l) = -k(l) - x(l). Let h be o(0). Suppose f - 2*t - 23 = 0, -h*f + 0*t - t = -137. What is the tens digit of f?
3
Suppose 5*q - 2*s = 35, -s = 7 - 2. Suppose q*n - 102 = 2*n. What is the units digit of n?
4
Suppose 5*y = 4*y + 5. Suppose -40 = -y*a - 0. Suppose k - a = 16. What is the units digit of k?
4
Suppose 3*d = 2*f - 3, -d - 33 = -3*f - 6*d. Let y(i) = -i**3 + 6*i**2 + 4. Let g be y(f). Let j = 7 + g. What is the units digit of j?
1
Let v(d) = -697*d + 180. What is the hundreds digit of v(-4)?
9
Let x = -39 - -24. What is the hundreds digit of 146*(3/2)/(x/(-10))?
1
Let n(s) = -s + 4. Let p(m) = 3*m - 8. Let f(t) = 7*n(t) + 4*p(t). Let u be f(2). Suppose 0 = -0*x - u*x + 48. What is the units digit of x?
8
Suppose -464 = 3*a + 433. Let n = -138 - a. What is the hundreds digit of n?
1
What is the tens digit of (-4)/10 + (1322/5 - 3)?
6
Suppose 5*p - 30 = -5*r, 5*r + 9 = -4*p + 36. Suppose -p*x + 42 = -3*v, -3*v - 52 = -0*v - 5*x. Let m = v + 23. What is the tens digit of m?
1
Suppose 3*b - y = -64, 3*y - 2 = 10. Let f be (416/b)/4*40. What is the tens digit of f/65*70/(-4)?
5
Let y = -64 + 152. Suppose -8*n = -4*n - y. What is the tens digit of n?
2
Let z(d) be the first derivative of -55*d**2/2 + d + 9. What is the tens digit of z(-1)?
5
Let d(j) = j**2 + 6*j + 6. Let p be d(-3). What is the tens digit of 19/1 + p*(-2)/(-3)?
1
Suppose 0 = h - 4*a - 26, 10*h = 9*h - 4*a + 18. What is the units digit of h?
2
Let u = -14 - -23. Suppose -19 = 2*t + 2*i - 7*i, 0 = -2*t + 3*i - u. Let q(v) = 8*v**2 - 3*v - 4. What is the units digit of q(t)?
9
Let s(k) = 7*k**3 + k**2 - 3*k + 4. Suppose b - 6 = -2*b. What is the units digit of s(b)?
8
What is the units digit of ((-5)/2)/(9/3582)*-5?
5
Suppose 2*n - 3*o = 5*n - 12, -2*n = o - 10. Suppose 0 = -y + n + 199. What is the tens digit of y?
0
Suppose 2*c + 2*q = 142, 8*q + 148 = 2*c + 4*q. What is the units digit of c?
2
Let d(j) = 2*j + 51. Suppose -2*p = -4*p - 3*g - 38, -p - 5*g = 12. What is the units digit of d(p)?
7
Let x(k) = -k**2 + 7*k - 5. Let v be x(5). Suppose v + 5 = 5*g, g = a - 24. What is the tens digit of a?
2
What is the tens digit of 25*(1287/55)/3?
9
Let k = 3455 + -2412. What is the tens digit of k?
4
Suppose -5*s - 9 = -8*s. Suppose s*b - 5*a = 327, -5*b + 0*b - 5*a + 545 = 0. What is the hundreds digit of b?
1
Let j(l) = -168*l - 24. What is the units digit of j(-5)?
6
Suppose 20*r - 1972 = 7288. What is the hundreds digit of r?
4
Suppose -3*j - 4*g = -61, -4*j + 2*g + 8 + 66 = 0. Suppose -26*b = -j*b - 910. What is the hundreds digit of b?
1
Suppose 3*l = -2*t + 1, -t + 18 = -l + 2*t. What is the tens digit of l - 0 - -1 - -127?
2
Suppose -5*r + 5*p = -1445, 871 = 9*r - 6*r - p. What is the tens digit of r?
9
Let z be (-9 - -10)/((-2)/(-46)). Suppose 2*w + z - 41 = 0. What is the units digit of w?
9
Let m(x) = -x**3 - 17*x**2 - x - 8. Let j be m(-17). Suppose 0 = j*q - 2033 - 397. What is the units digit of q?
0
Let s be (-129)/(-6) + 3 + 45/(-10). Suppose -2*p - 14 - 24 = 0. Let k = s + p. What is t